373 a composite number?
True
Is 3286565089 prime?
True
Is 67153414283 a prime number?
False
Is 208609451 a composite number?
False
Is 16841212679 prime?
True
Is 46309811117 a prime number?
True
Is 471287879 composite?
False
Is 708446033 a composite number?
False
Is 8597387581 composite?
False
Is 13845390071 prime?
False
Is 183744773 a composite number?
False
Is 7820959211 prime?
False
Is 1677695309 a composite number?
False
Is 22429589821 prime?
True
Is 9317085103 a composite number?
True
Is 1741548727 prime?
True
Is 7926584417 a prime number?
False
Is 1097533351 composite?
True
Is 15919154143 a prime number?
True
Is 5211778849 a composite number?
True
Is 14379850081 a composite number?
True
Is 391977563 composite?
False
Is 117753481 a composite number?
False
Is 634085147 a prime number?
True
Is 6108694091 a prime number?
True
Is 4299242143 composite?
True
Is 15047325977 a composite number?
False
Is 4420090679 a prime number?
True
Is 1857334913 prime?
False
Is 34532441423 composite?
True
Is 347037979 prime?
False
Is 14979015019 composite?
False
Is 1446915581 prime?
True
Is 114562153999 composite?
False
Is 24523202877 a composite number?
True
Is 5529513263 a composite number?
False
Is 42592405 a prime number?
False
Is 115145624531 a prime number?
False
Is 1428069791 composite?
False
Is 950674457 a composite number?
True
Is 87207761 a prime number?
False
Is 117349931 a prime number?
False
Is 19665301963 composite?
False
Is 1171818911 prime?
True
Is 2043659431 composite?
True
Is 16040806961 prime?
True
Is 4344346013 a composite number?
True
Is 347588357 composite?
False
Is 9937424559 a composite number?
True
Is 40131071 a prime number?
True
Is 1119989317 a prime number?
False
Is 2096241583 a composite number?
True
Is 91742856949 prime?
True
Is 5783190137 composite?
True
Is 41286229 a composite number?
False
Is 4839843881 composite?
False
Is 54578952221 a composite number?
False
Is 6218228791 prime?
True
Is 1877556391 a composite number?
False
Is 29415181 prime?
True
Is 112685459 prime?
True
Is 629992573 prime?
False
Is 869742880043 prime?
True
Is 554642941 a prime number?
True
Is 7952542243 prime?
True
Is 69249636539 composite?
False
Is 2380831931 composite?
False
Is 2350488209 a prime number?
False
Is 15187395037 a composite number?
True
Is 1444999309 a prime number?
False
Is 63687220841 a prime number?
True
Is 1355141699 a prime number?
True
Is 5187383827 a prime number?
True
Is 156543790229 composite?
True
Is 471086227 prime?
True
Is 9132692687 a composite number?
True
Is 944086663 a prime number?
False
Is 3781739639 a composite number?
False
Is 57587863607 a prime number?
False
Is 2188640053 composite?
True
Is 215717401 a composite number?
False
Is 17128823039 a prime number?
False
Is 9035617361 a prime number?
True
Is 292382325101 a composite number?
True
Is 20509107709 a composite number?
False
Is 11137708669 composite?
True
Is 1470352921 a prime number?
False
Is 1082270023 a composite number?
False
Is 1918491007 composite?
False
Is 3855755707 a composite number?
True
Is 805214909 prime?
True
Is 2345888301 composite?
True
Is 1139666413 composite?
True
Is 22424365 composite?
True
Is 77552745817 prime?
True
Is 154700891 a prime number?
False
Is 669894811 prime?
True
Is 7009919447 a composite number?
False
Is 106255666969 prime?
True
Is 710199923 a composite number?
False
Is 39149046151 a prime number?
False
Is 151031392169 a composite number?
True
Is 22930139 prime?
True
Is 3115207717 a composite number?
False
Is 41766286513 a prime number?
False
Is 7617181289 composite?
True
Is 14872929297 a prime number?
False
Is 5624664481 a prime number?
True
Is 542275567 a composite number?
True
Is 8706692083 a composite number?
False
Is 1254608963 prime?
True
Is 1334524577 composite?
True
Is 179461111 a composite number?
True
Is 910629253 prime?
True
Is 98536578139 prime?
True
Is 21181990337 a prime number?
False
Is 32397533117 composite?
True
Is 2671024407 composite?
True
Is 19432276261 composite?
False
Is 5020278871 a prime number?
False
Is 5814182729 prime?
False
Is 94648497 prime?
False
Is 667499513 a prime number?
True
Is 43458366437 a composite number?
True
Is 71172509 a prime number?
True
Is 94593844591 a prime number?
False
Is 4702646821 a composite number?
False
Is 2286667037 prime?
True
Is 4642277434 prime?
False
Is 638796001 prime?
True
Is 1765614673 a composite number?
True
Is 10905625691 a prime number?
True
Is 2804157229 prime?
True
Is 5540860231 a composite number?
False
Is 54417507449 a composite number?
True
Is 1397641589 a prime number?
False
Is 189433945229 a composite number?
False
Is 4416231961 a composite number?
False
Is 179035159 prime?
False
Is 500867929 prime?
True
Is 7760878133 a prime number?
False
Is 774952319 prime?
False
Is 4564465355 prime?
False
Is 689340487 a prime number?
False
Is 17231910411 prime?
False
Is 3761796722 composite?
True
Is 3180039977 a prime number?
False
Is 3719446387 a composite number?
False
Is 13963960771 a prime number?
False
Is 179427739 composite?
False
Is 36189177229 a prime number?
False
Is 142652327 prime?
True
Is 3142244033 composite?
True
Is 154898449 a composite number?
False
Is 221962333 prime?
True
Is 73275746029 prime?
False
Is 3218301731 a composite number?
False
Is 73345621 prime?
True
Is 87151875571 composite?
False
Is 562514159 a composite number?
True
Is 8571385111 a prime number?
True
Is 528397901 a composite number?
False
Is 2462521681 composite?
True
Is 3408816113 composite?
False
Is 22075139 prime?
True
Is 1052326871 prime?
False
Is 45799180087 prime?
True
Is 642288029 composite?
False
Is 6246297023 a prime number?
True
Is 9132313 composite?
False
Is 1146261059 a composite number?
True
Is 1726428019 a composite number?
True
Is 59159326433 prime?
True
Is 715309781 composite?
True
Is 26908887707 a composite number?
True
Is 327868669 prime?
True
Is 58127462639 a composite number?
False
Is 387655033 composite?
True
Is 365799899 a composite number?
True
Is 630897881 prime?
True
Is 192533491 a prime number?
False
Is 234899890007 a prime number?
True
Is 30495675691 a composite number?
True
Is 1645689371 a prime number?
False
Is 3261074353 prime?
False
Is 8297927191 a prime number?
True
Is 29743860031 prime?
True
Is 57770684123 a composite number?
False
Is 28221853259 a composite number?
True
Is 2471199377 composite?
False
Is 3393347 prime?
True
Is 2793941 prime?
True
Is 1050117689 prime?
True
Is 6054752773 a composite number?
False
Is 120316139 a prime number?
True
Is 2272454263 prime?
False
Is 932426151 a prime number?
False
Is 1096968541 composite?
False
Is 6953055619 a composite number?
False
Is 29362168831 prime?
False
Is 6314501 composite?
False
Is 19721480747 a composite number?
True
Is 2015124043 a composite number?
False
Is 44066999 a prime number?
True
Is 4996832459 composite?
False
Is 4145850491 composite?
False
Is 22719422491 a prime number?
True
Is 1148955097 composite?
False
Is 1048849441 a composite number?
False
Is 29310488971 prime?
True
Is 81751842217 prime?
False
Is 10157344243 a prime number?
False
Is 30153602203 a prime number?
False
Is 11559657883 prime?
False
Is 115615823 a prime number?
True
Is 2695476457 composite?
True
Is 3401091299 a prime number?
False
Is 127709799911 a composite number?
False
Is 4827341611 a composite number?
True
Is 11724264229 a prime number?
False
Is 1921324505 composite?
True
Is 343196089 a composite number?
False
Is 4774444267 a composite number?
True
Is 566648177 a composite number?
False
Is 11357165357 composite?
True
Is 268309439 prime?
True
Is 531596869 prime?
False
Is 34998068549 composite?
False
Is 8692221187 a composite number?
True
Is 36441593 a composite number?
True
Is 2517265697 a prime number?
False
Is 2875689139 prime?
False
Is 56070192923 composite?
False
Is 5506266439 a prime number?
True
Is 32172204137 a prime number?
True
Is 36917987494 composite?
True
Is 75828197219 a composite number?
False
Is 6933078767 a composite number?
False
Is 2553561537 a prime number?
False
Is 197650291 composite?
True
Is 124802330077 a composite number?
True
Is 1679424503 prime?
True
Is 69316413451 a composite number?
True
Is 18417039883 prime?
False
Is 77185166407 a composite number?
False
Is 2243868281 a prime number?
True
Is 1264941068